rime factors of 3658362?
2, 3, 127, 4801
What are the prime factors of 141589881?
3, 19, 828011
List the prime factors of 2141579.
11, 1609
List the prime factors of 385531166.
2, 19, 131, 77447
List the prime factors of 1046343112.
2, 131, 998419
List the prime factors of 67702129.
11, 347, 17737
What are the prime factors of 2707105?
5, 37, 14633
List the prime factors of 10123222.
2, 1423, 3557
List the prime factors of 689981193.
3, 11, 17, 136657
What are the prime factors of 10976147?
7, 13, 17231
What are the prime factors of 130193534?
2, 107, 167, 3643
What are the prime factors of 1620442712?
2, 7, 359, 80603
What are the prime factors of 32257577?
11, 31, 94597
What are the prime factors of 122480633?
11, 11134603
What are the prime factors of 199851305?
5, 4421, 9041
List the prime factors of 704591182.
2, 73, 4825967
List the prime factors of 1351907123.
7, 29, 257, 25913
List the prime factors of 4790939607.
3, 1747, 304709
List the prime factors of 77110353.
3, 541, 5279
What are the prime factors of 5131460691?
3, 7, 157, 518801
List the prime factors of 395555097.
3, 7, 2690851
What are the prime factors of 3598937?
113, 31849
What are the prime factors of 24676924?
2, 6169231
What are the prime factors of 314455940?
2, 5, 31, 277, 1831
What are the prime factors of 2146513101?
3, 715504367
List the prime factors of 595021733.
17341, 34313
What are the prime factors of 90432878?
2, 137, 330047
List the prime factors of 2866854308.
2, 18743, 38239
What are the prime factors of 173257563?
3, 1123, 51427
What are the prime factors of 345531175?
5, 11, 1256477
List the prime factors of 61123834.
2, 23, 57773
What are the prime factors of 116002664?
2, 419, 34607
What are the prime factors of 141871827?
3, 127, 372367
List the prime factors of 225764622.
2, 3, 12542479
List the prime factors of 5685690.
2, 3, 5, 189523
List the prime factors of 155332732.
2, 38833183
List the prime factors of 1496144286.
2, 3, 7, 13, 913397
What are the prime factors of 31806133?
17, 19, 59, 1669
What are the prime factors of 766972560?
2, 3, 5, 1753, 1823
What are the prime factors of 2820383291?
11, 67, 3826843
What are the prime factors of 1317907174?
2, 658953587
List the prime factors of 2915536.
2, 13, 107, 131
What are the prime factors of 3582266846?
2, 61, 313, 93811
List the prime factors of 45035446.
2, 61, 369143
List the prime factors of 63385160.
2, 5, 1584629
List the prime factors of 79757058.
2, 3, 491, 27073
What are the prime factors of 360473746?
2, 17, 431, 1447
What are the prime factors of 1362909118?
2, 681454559
What are the prime factors of 478245529?
1129, 423601
What are the prime factors of 90074205?
3, 5, 13, 107, 1439
What are the prime factors of 32931631?
47, 700673
What are the prime factors of 1566701812?
2, 13, 59, 257, 1987
What are the prime factors of 256996717?
19, 79, 131, 1307
List the prime factors of 189476711.
3187, 59453
What are the prime factors of 542832615?
3, 5, 13, 433, 2143
What are the prime factors of 176386291?
19, 1979, 4691
What are the prime factors of 43164996?
2, 3, 7, 389, 1321
List the prime factors of 46948613.
691, 67943
What are the prime factors of 78350620?
2, 5, 17, 79, 2917
List the prime factors of 27462.
2, 3, 23, 199
List the prime factors of 1395685.
5, 279137
What are the prime factors of 152740395?
3, 5, 3394231
List the prime factors of 55611972.
2, 3, 13, 331, 359
What are the prime factors of 460051020?
2, 3, 5, 11, 13, 61, 293
List the prime factors of 3919840748.
2, 979960187
What are the prime factors of 29790022?
2, 14895011
What are the prime factors of 1491042415?
5, 43, 6935081
What are the prime factors of 58514854?
2, 29257427
List the prime factors of 90414620.
2, 5, 4520731
List the prime factors of 970689159.
3, 11, 9804941
List the prime factors of 2257351.
83, 27197
List the prime factors of 491522825.
5, 31, 634223
List the prime factors of 223948427.
4363, 51329
List the prime factors of 30836749.
30836749
List the prime factors of 449165782.
2, 13, 173, 99859
List the prime factors of 41019620.
2, 5, 751, 2731
What are the prime factors of 3053471877?
3, 223, 507137
What are the prime factors of 1729329981?
3, 17, 1021, 33211
List the prime factors of 22707202.
2, 7, 137, 11839
List the prime factors of 68416695.
3, 5, 59, 73, 353
List the prime factors of 720693116.
2, 11, 13, 1259953
What are the prime factors of 720205082?
2, 29, 31, 400559
List the prime factors of 95377081.
95377081
What are the prime factors of 460126386?
2, 3, 17, 67, 7481
What are the prime factors of 209218613?
41, 53, 96281
List the prime factors of 1440235380.
2, 3, 5, 89, 173, 1559
List the prime factors of 63849719.
63849719
What are the prime factors of 38469515?
5, 7, 29, 151, 251
What are the prime factors of 4618519359?
3, 307, 1069, 4691
What are the prime factors of 820874029?
29, 157, 6217
What are the prime factors of 76694052?
2, 3, 23, 269, 1033
List the prime factors of 37036450.
2, 5, 11, 67339
List the prime factors of 4383754.
2, 23, 157, 607
What are the prime factors of 298494358?
2, 149247179
What are the prime factors of 40551635?
5, 8110327
What are the prime factors of 3083739040?
2, 5, 19273369
List the prime factors of 62933509.
29, 2170121
What are the prime factors of 1175314692?
2, 3, 19, 41, 59, 2131
List the prime factors of 203536577.
107, 617, 3083
List the prime factors of 209721422.
2, 1381, 75931
List the prime factors of 6743962398.
2, 3, 37, 30378209
What are the prime factors of 1332231838?
2, 7, 83, 577, 1987
What are the prime factors of 33735272?
2, 89, 47381
List the prime factors of 315606471.
3, 105202157
What are the prime factors of 332543515?
5, 179, 569, 653
List the prime factors of 81742229.
71, 101, 11399
What are the prime factors of 87249694?
2, 7, 890303
List the prime factors of 84613120.
2, 5, 8263
List the prime factors of 4463018826.
2, 3, 7, 131, 811163
List the prime factors of 3090497051.
23, 134369437
List the prime factors of 14003388.
2, 3, 7, 18523
What are the prime factors of 88954032?
2, 3, 1853209
What are the prime factors of 3358435?
5, 17, 39511
What are the prime factors of 2022815134?
2, 29, 71, 491213
What are the prime factors of 586012574?
2, 7, 281, 148961
What are the prime factors of 28085209?
1039, 27031
What are the prime factors of 3002698?
2, 37, 40577
List the prime factors of 470888204.
2, 59, 1995289
What are the prime factors of 1112399204?
2, 7, 2753, 14431
What are the prime factors of 180626533?
180626533
List the prime factors of 271910287.
11, 3583, 6899
What are the prime factors of 2568988767?
3, 223, 3840043
What are the prime factors of 1197684816?
2, 3, 17, 1467751
What are the prime factors of 49569284?
2, 359, 34519
List the prime factors of 979434829.
23, 173, 246151
What are the prime factors of 146495785?
5, 29299157
What are the prime factors of 89179747?
67, 1331041
List the prime factors of 450809185.
5, 149, 605113
What are the prime factors of 137287503?
3, 15254167
List the prime factors of 805966893.
3, 37, 2420321
List the prime factors of 489837509.
7, 23, 3042469
What are the prime factors of 229744740?
2, 3, 5, 3829079
List the prime factors of 61181189.
449, 136261
What are the prime factors of 2202066216?
2, 3, 7, 1456393
List the prime factors of 54803112.
2, 3, 7, 13, 23, 1091
List the prime factors of 4404921955.
5, 7, 53, 137, 17333
List the prime factors of 3221633916.
2, 3, 89489831
List the prime factors of 258884308.
2, 1237, 52321
List the prime factors of 25558418.
2, 12779209
What are the prime factors of 552549135?
3, 5, 241, 353, 433
List the prime factors of 795524100.
2, 3, 5, 7, 378821
List the prime factors of 86797634.
2, 7, 11, 37, 15233
List the prime factors of 470243820.
2, 3, 5, 7837397
What are the prime factors of 1102189958?
2, 551094979
List the prime factors of 70828387.
7, 521, 19421
List the prime factors of 4444551073.
23, 61, 3167891
What are the prime factors of 518099491?
7, 13, 813343
List the prime factors of 174057172.
2, 43514293
List the prime factors of 35876572.
2, 8969143
What are the prime factors of 38884078?
2, 19442039
What are the prime factors of 684777013?
53, 1931, 6691
List the prime factors of 873322162.
2, 